{"id":3837,"date":"2025-11-04T01:36:19","date_gmt":"2025-11-04T01:36:19","guid":{"rendered":"https:\/\/aracbakimonarim.com\/?page_id=3837"},"modified":"2025-11-04T01:36:39","modified_gmt":"2025-11-04T01:36:39","slug":"ariza-tespit-ve-inceleme","status":"publish","type":"page","link":"https:\/\/aracbakimonarim.com\/index.php\/ariza-tespit-ve-inceleme\/","title":{"rendered":"Ar\u0131za Tespit ve \u0130nceleme"},"content":{"rendered":"\t\t<div data-elementor-type=\"wp-page\" data-elementor-id=\"3837\" class=\"elementor elementor-3837\">\n\t\t\t\t<div class=\"elementor-element elementor-element-896592b e-flex e-con-boxed e-con e-parent\" data-id=\"896592b\" data-element_type=\"container\">\n\t\t\t\t\t<div class=\"e-con-inner\">\n\t\t\t\t<div class=\"elementor-element elementor-element-6ad657c elementor-widget elementor-widget-image\" data-id=\"6ad657c\" data-element_type=\"widget\" data-widget_type=\"image.default\">\n\t\t\t\t\t\t\t\t\t\t\t\t\t\t\t<img fetchpriority=\"high\" decoding=\"async\" width=\"1920\" height=\"410\" src=\"https:\/\/aracbakimonarim.com\/wp-content\/uploads\/2025\/11\/Ariza-Tespit-ve-Inceleme.png\" class=\"attachment-full size-full wp-image-3814\" alt=\"\" srcset=\"https:\/\/aracbakimonarim.com\/wp-content\/uploads\/2025\/11\/Ariza-Tespit-ve-Inceleme.png 1920w, https:\/\/aracbakimonarim.com\/wp-content\/uploads\/2025\/11\/Ariza-Tespit-ve-Inceleme-300x64.png 300w, https:\/\/aracbakimonarim.com\/wp-content\/uploads\/2025\/11\/Ariza-Tespit-ve-Inceleme-1024x219.png 1024w, https:\/\/aracbakimonarim.com\/wp-content\/uploads\/2025\/11\/Ariza-Tespit-ve-Inceleme-768x164.png 768w, https:\/\/aracbakimonarim.com\/wp-content\/uploads\/2025\/11\/Ariza-Tespit-ve-Inceleme-1536x328.png 1536w\" sizes=\"(max-width: 1920px) 100vw, 1920px\" \/>\t\t\t\t\t\t\t\t\t\t\t\t\t\t\t<\/div>\n\t\t\t\t<div class=\"elementor-element elementor-element-b61b268 elementor-widget elementor-widget-text-editor\" data-id=\"b61b268\" data-element_type=\"widget\" data-widget_type=\"text-editor.default\">\n\t\t\t\t\t\t\t\t\t<h3 data-start=\"3025\" data-end=\"3079\"><strong data-start=\"3029\" data-end=\"3079\">Sorunu Aramakla Zaman Kaybetmeyin, Biz Bulal\u0131m<\/strong><\/h3><p data-start=\"3080\" data-end=\"3241\">Servisimizde kullan\u0131lan <strong data-start=\"3104\" data-end=\"3161\">dijital ar\u0131za tespit cihazlar\u0131 (OBD \u2013 ECU sistemleri)<\/strong> ile arac\u0131n\u0131zdaki elektronik ve mekanik sorunlar\u0131 k\u0131sa s\u00fcrede analiz ediyoruz.<\/p><p data-start=\"3243\" data-end=\"3279\"><strong data-start=\"3243\" data-end=\"3279\">Sunulan Ar\u0131za Tespit Hizmetleri:<\/strong><\/p><ul data-start=\"3280\" data-end=\"3432\"><li data-start=\"3280\" data-end=\"3313\"><p data-start=\"3282\" data-end=\"3313\">Motor beyni (ECU) ar\u0131za okuma<\/p><\/li><li data-start=\"3314\" data-end=\"3348\"><p data-start=\"3316\" data-end=\"3348\">Elektrik ve sens\u00f6r kontrolleri<\/p><\/li><li data-start=\"3349\" data-end=\"3389\"><p data-start=\"3351\" data-end=\"3389\">Performans ve yak\u0131t sistemi testleri<\/p><\/li><li data-start=\"3390\" data-end=\"3432\"><p data-start=\"3392\" data-end=\"3432\">Hata kodu s\u0131f\u0131rlama ve bak\u0131m \u00f6nerileri<\/p><\/li><\/ul><p data-start=\"3434\" data-end=\"3529\">Ar\u0131za tespiti sonras\u0131 size <strong data-start=\"3461\" data-end=\"3478\">net bir rapor<\/strong> sunulur ve onar\u0131m s\u00fcreci tamamen \u015feffaf ilerler.<\/p><p data-start=\"3531\" data-end=\"3635\">\ud83d\udcde <strong data-start=\"3534\" data-end=\"3552\">H\u0131zl\u0131 Randevu:<\/strong> +90 535 716 08 09<br data-start=\"3570\" data-end=\"3573\" \/>\ud83d\udccd <strong data-start=\"3576\" data-end=\"3586\">Adres:<\/strong> Kavakl\u0131 Cd. No:10, 34520 Beylikd\u00fcz\u00fc \/ \u0130stanbul<\/p>\t\t\t\t\t\t\t\t<\/div>\n\t\t\t\t\t<\/div>\n\t\t\t\t<\/div>\n\t\t\t\t<\/div>\n\t\t","protected":false},"excerpt":{"rendered":"<p>Sorunu Aramakla Zaman Kaybetmeyin, Biz Bulal\u0131m Servisimizde kullan\u0131lan dijital ar\u0131za tespit cihazlar\u0131 (OBD \u2013 ECU sistemleri) ile arac\u0131n\u0131zdaki elektronik ve mekanik sorunlar\u0131 k\u0131sa s\u00fcrede analiz ediyoruz. Sunulan Ar\u0131za Tespit Hizmetleri: Motor beyni (ECU) ar\u0131za okuma Elektrik ve sens\u00f6r kontrolleri Performans ve yak\u0131t sistemi testleri Hata kodu s\u0131f\u0131rlama ve bak\u0131m \u00f6nerileri Ar\u0131za tespiti sonras\u0131 size net [&hellip;]<\/p>\n","protected":false},"author":1,"featured_media":0,"parent":0,"menu_order":0,"comment_status":"closed","ping_status":"closed","template":"tpl-default-elementor.php","meta":{"footnotes":""},"class_list":["post-3837","page","type-page","status-publish","hentry"],"_links":{"self":[{"href":"https:\/\/aracbakimonarim.com\/index.php\/wp-json\/wp\/v2\/pages\/3837","targetHints":{"allow":["GET"]}}],"collection":[{"href":"https:\/\/aracbakimonarim.com\/index.php\/wp-json\/wp\/v2\/pages"}],"about":[{"href":"https:\/\/aracbakimonarim.com\/index.php\/wp-json\/wp\/v2\/types\/page"}],"author":[{"embeddable":true,"href":"https:\/\/aracbakimonarim.com\/index.php\/wp-json\/wp\/v2\/users\/1"}],"replies":[{"embeddable":true,"href":"https:\/\/aracbakimonarim.com\/index.php\/wp-json\/wp\/v2\/comments?post=3837"}],"version-history":[{"count":4,"href":"https:\/\/aracbakimonarim.com\/index.php\/wp-json\/wp\/v2\/pages\/3837\/revisions"}],"predecessor-version":[{"id":3841,"href":"https:\/\/aracbakimonarim.com\/index.php\/wp-json\/wp\/v2\/pages\/3837\/revisions\/3841"}],"wp:attachment":[{"href":"https:\/\/aracbakimonarim.com\/index.php\/wp-json\/wp\/v2\/media?parent=3837"}],"curies":[{"name":"wp","href":"https:\/\/api.w.org\/{rel}","templated":true}]}}