{"id":3812,"date":"2025-11-04T01:31:29","date_gmt":"2025-11-04T01:31:29","guid":{"rendered":"https:\/\/aracbakimonarim.com\/?page_id=3812"},"modified":"2025-11-04T01:34:48","modified_gmt":"2025-11-04T01:34:48","slug":"motor-ve-mekanik-servisi","status":"publish","type":"page","link":"https:\/\/aracbakimonarim.com\/index.php\/motor-ve-mekanik-servisi\/","title":{"rendered":"Motor ve Mekanik Servisi"},"content":{"rendered":"\t\t<div data-elementor-type=\"wp-page\" data-elementor-id=\"3812\" class=\"elementor elementor-3812\">\n\t\t\t\t<div class=\"elementor-element elementor-element-896592b e-flex e-con-boxed e-con e-parent\" data-id=\"896592b\" data-element_type=\"container\">\n\t\t\t\t\t<div class=\"e-con-inner\">\n\t\t\t\t<div class=\"elementor-element elementor-element-6ad657c elementor-widget elementor-widget-image\" data-id=\"6ad657c\" data-element_type=\"widget\" data-widget_type=\"image.default\">\n\t\t\t\t\t\t\t\t\t\t\t\t\t\t\t<img fetchpriority=\"high\" decoding=\"async\" width=\"1920\" height=\"410\" src=\"https:\/\/aracbakimonarim.com\/wp-content\/uploads\/2025\/11\/Motor-ve-Mekanik-Servisi.png\" class=\"attachment-full size-full wp-image-3817\" alt=\"\" srcset=\"https:\/\/aracbakimonarim.com\/wp-content\/uploads\/2025\/11\/Motor-ve-Mekanik-Servisi.png 1920w, https:\/\/aracbakimonarim.com\/wp-content\/uploads\/2025\/11\/Motor-ve-Mekanik-Servisi-300x64.png 300w, https:\/\/aracbakimonarim.com\/wp-content\/uploads\/2025\/11\/Motor-ve-Mekanik-Servisi-1024x219.png 1024w, https:\/\/aracbakimonarim.com\/wp-content\/uploads\/2025\/11\/Motor-ve-Mekanik-Servisi-768x164.png 768w, https:\/\/aracbakimonarim.com\/wp-content\/uploads\/2025\/11\/Motor-ve-Mekanik-Servisi-1536x328.png 1536w\" sizes=\"(max-width: 1920px) 100vw, 1920px\" \/>\t\t\t\t\t\t\t\t\t\t\t\t\t\t\t<\/div>\n\t\t\t\t<div class=\"elementor-element elementor-element-b61b268 elementor-widget elementor-widget-text-editor\" data-id=\"b61b268\" data-element_type=\"widget\" data-widget_type=\"text-editor.default\">\n\t\t\t\t\t\t\t\t\t<h3 data-start=\"1529\" data-end=\"1574\"><strong data-start=\"1533\" data-end=\"1574\">Arac\u0131n\u0131z\u0131n Kalbi Bizim Uzmanl\u0131\u011f\u0131m\u0131zda<\/strong><\/h3><p data-start=\"1575\" data-end=\"1774\">Motor ve mekanik sistemler arac\u0131n\u0131z\u0131n en kritik bile\u015fenleridir.<br data-start=\"1638\" data-end=\"1641\" \/>Nerex Kavakl\u0131 olarak, <strong data-start=\"1663\" data-end=\"1737\">motor bak\u0131m\u0131, ar\u0131za tespiti, revizyon, fren, yak\u0131t ve klima sistemleri<\/strong> gibi kapsaml\u0131 hizmetler sunuyoruz.<\/p><p data-start=\"1776\" data-end=\"1811\"><strong data-start=\"1776\" data-end=\"1811\">Kapsaml\u0131 Mekanik Hizmetlerimiz:<\/strong><\/p><ul data-start=\"1812\" data-end=\"1955\"><li data-start=\"1812\" data-end=\"1850\"><p data-start=\"1814\" data-end=\"1850\">Motor performans testi ve revizyon<\/p><\/li><li data-start=\"1851\" data-end=\"1874\"><p data-start=\"1853\" data-end=\"1874\">Fren sistemi bak\u0131m\u0131<\/p><\/li><li data-start=\"1875\" data-end=\"1916\"><p data-start=\"1877\" data-end=\"1916\">Debriyaj ve vites mekanizmas\u0131 onar\u0131m\u0131<\/p><\/li><li data-start=\"1917\" data-end=\"1955\"><p data-start=\"1919\" data-end=\"1955\">Yak\u0131t sistemi ve egzoz kontrolleri<\/p><\/li><\/ul><p data-start=\"1957\" data-end=\"2115\">Her i\u015flem, <strong data-start=\"1968\" data-end=\"1995\">orijinal yedek par\u00e7alar<\/strong> ve <strong data-start=\"1999\" data-end=\"2028\">geli\u015fmi\u015f te\u015fhis cihazlar\u0131<\/strong> ile yap\u0131l\u0131r.<br data-start=\"2041\" data-end=\"2044\" \/>Amac\u0131m\u0131z, arac\u0131n\u0131z\u0131 en k\u0131sa s\u00fcrede g\u00fcvenli ve g\u00fc\u00e7l\u00fc hale getirmektir.<\/p><p data-start=\"2117\" data-end=\"2220\">\ud83d\udcde <strong data-start=\"2120\" data-end=\"2137\">Servis Hatt\u0131:<\/strong> +90 535 716 08 09<br data-start=\"2155\" data-end=\"2158\" \/>\ud83d\udccd <strong data-start=\"2161\" data-end=\"2171\">Adres:<\/strong> Kavakl\u0131 Cd. No:10, 34520 Beylikd\u00fcz\u00fc \/ \u0130stanbul<\/p>\t\t\t\t\t\t\t\t<\/div>\n\t\t\t\t\t<\/div>\n\t\t\t\t<\/div>\n\t\t\t\t<\/div>\n\t\t","protected":false},"excerpt":{"rendered":"<p>Periyodik Bak\u0131m ile Arac\u0131n\u0131z Her Zaman \u0130lk G\u00fcnk\u00fc Performans\u0131nda Nerex Kavakl\u0131 Oto Servis olarak, arac\u0131n\u0131z\u0131n uzun \u00f6m\u00fcrl\u00fc ve g\u00fcvenli bir \u015fekilde kullan\u0131labilmesi i\u00e7in d\u00fczenli periyodik bak\u0131m hizmeti sunuyoruz.Her marka binek, ticari ve hafif ticari arac\u0131n \u00fcretici standartlar\u0131na uygun \u015fekilde kontrol\u00fc yap\u0131l\u0131r. Yapt\u0131\u011f\u0131m\u0131z Kontroller: Ya\u011f, filtre ve s\u0131v\u0131 de\u011fi\u015fimleri Ak\u00fc, fren, ayd\u0131nlatma ve klima kontrolleri Lastik, [&hellip;]<\/p>\n","protected":false},"author":1,"featured_media":0,"parent":0,"menu_order":0,"comment_status":"closed","ping_status":"closed","template":"tpl-default-elementor.php","meta":{"footnotes":""},"class_list":["post-3812","page","type-page","status-publish","hentry"],"_links":{"self":[{"href":"https:\/\/aracbakimonarim.com\/index.php\/wp-json\/wp\/v2\/pages\/3812","targetHints":{"allow":["GET"]}}],"collection":[{"href":"https:\/\/aracbakimonarim.com\/index.php\/wp-json\/wp\/v2\/pages"}],"about":[{"href":"https:\/\/aracbakimonarim.com\/index.php\/wp-json\/wp\/v2\/types\/page"}],"author":[{"embeddable":true,"href":"https:\/\/aracbakimonarim.com\/index.php\/wp-json\/wp\/v2\/users\/1"}],"replies":[{"embeddable":true,"href":"https:\/\/aracbakimonarim.com\/index.php\/wp-json\/wp\/v2\/comments?post=3812"}],"version-history":[{"count":8,"href":"https:\/\/aracbakimonarim.com\/index.php\/wp-json\/wp\/v2\/pages\/3812\/revisions"}],"predecessor-version":[{"id":3828,"href":"https:\/\/aracbakimonarim.com\/index.php\/wp-json\/wp\/v2\/pages\/3812\/revisions\/3828"}],"wp:attachment":[{"href":"https:\/\/aracbakimonarim.com\/index.php\/wp-json\/wp\/v2\/media?parent=3812"}],"curies":[{"name":"wp","href":"https:\/\/api.w.org\/{rel}","templated":true}]}}