{"id":2428,"date":"2022-04-23T10:41:42","date_gmt":"2022-04-23T10:41:42","guid":{"rendered":"http:\/\/fastwpdemo.com\/newwp\/homlane\/?page_id=2428"},"modified":"2025-11-04T02:03:40","modified_gmt":"2025-11-04T02:03:40","slug":"neden-biz","status":"publish","type":"page","link":"https:\/\/aracbakimonarim.com\/index.php\/neden-biz\/","title":{"rendered":"Neden Biz?"},"content":{"rendered":"\t\t<div data-elementor-type=\"wp-page\" data-elementor-id=\"2428\" class=\"elementor elementor-2428\">\n\t\t\t\t\t\t<section class=\"elementor-section elementor-top-section elementor-element elementor-element-42ed050 elementor-section-full_width elementor-section-height-default elementor-section-height-default\" data-id=\"42ed050\" data-element_type=\"section\">\n\t\t\t\t\t\t<div class=\"elementor-container elementor-column-gap-default\">\n\t\t\t\t\t<div class=\"elementor-column elementor-col-100 elementor-top-column elementor-element elementor-element-95b1c24\" data-id=\"95b1c24\" data-element_type=\"column\">\n\t\t\t<div class=\"elementor-widget-wrap elementor-element-populated\">\n\t\t\t\t\t\t<div class=\"elementor-element elementor-element-1894fe5 elementor-widget elementor-widget-homlane_transparency\" data-id=\"1894fe5\" data-element_type=\"widget\" data-widget_type=\"homlane_transparency.default\">\n\t\t\t\t<div class=\"elementor-widget-container\">\n\t\t\t\t\t    \n     \n    \n    <!--Start Transparency Area-->\n    <section class=\"transparency-area\">\n        <div class=\"container\">\n           \n            <div class=\"transparency-top-content\">\n                <div class=\"row clearfix\">\n                    <div class=\"col-lg-6 col-md-12 col-sm-12 title-column\">\n                        <div class=\"sec-title-two\">\n                            <span class=\"sub-title\">G\u00dcVEN\u0130L\u0130R H\u0130ZMET<\/span>\n                            <h2>Her Zaman D\u00fcr\u00fcst, \u015eeffaf<br> ve Garanti Alt\u0131nda\n<br>\nNerex Kavakl\u0131 Oto Servis olarak en b\u00fcy\u00fck \u00f6nceli\u011fimiz d\u00fcr\u00fcstl\u00fck ve \u015feffafl\u0131kt\u0131r.<\/h2>\n                        <\/div>\n                    <\/div>\n                    <div class=\"col-lg-6 col-md-6 col-sm-12 text-column\">\n                        <div class=\"text\">\n                            <p>Hizmet \u00fccretlerimiz, kullan\u0131lan par\u00e7alar ve yap\u0131lan i\u015flemler a\u00e7\u0131k\u00e7a belirtilir.\nHer m\u00fc\u015fterimize adil fiyat, kaliteli i\u015f\u00e7ilik ve g\u00fcvenilir servis deneyimi sunmay\u0131 taahh\u00fct ediyoruz.<br><br>\n\nTeknisyenlerimiz yap\u0131lan t\u00fcm i\u015flemleri detayl\u0131 \u015fekilde raporlar; gizli \u00fccret, s\u00fcrpriz masraf veya gereksiz i\u015flem asla yap\u0131lmaz.\nArac\u0131n\u0131z\u0131 g\u00fcvenle bize emanet edebilirsiniz \u2014 \u00e7\u00fcnk\u00fc biz her zaman net konu\u015fur, net teslim ederiz.<\/p>                        <\/div>\n                    <\/div>\n                <\/div>\n            <\/div>\n            \n            <div class=\"row\">\n                <div class=\"col-xl-8\">\n                    <div class=\"transparency-content-box\">\n                        <div class=\"single\">\n                            <h3>Fiyat Politikas\u0131<\/h3>\n                            <p>Nerex Kavakl\u0131\u2019da her i\u015flem a\u00e7\u0131k fiyat politikas\u0131yla yap\u0131l\u0131r.\nKullan\u0131lan yedek par\u00e7alar, i\u015f\u00e7ilik s\u00fcreleri ve bak\u0131m \u00fccretleri \u00f6nceden payla\u015f\u0131l\u0131r.\nS\u00fcrpriz \u00f6deme yok, \u015feffaf hizmet var.<\/p>\n                        <\/div>\n                        \n                        <div class=\"single\">\n                            <h3>Sorumluluk ve Hesap Verebilirlik<\/h3>\n                            Yap\u0131lan i\u015fin arkas\u0131nda tamamen dururuz.\nE\u011fer beklenen sonu\u00e7 elde edilmezse, \u00fccretsiz yeniden i\u015flem veya \u00e7\u00f6z\u00fcm deste\u011fi sunar\u0131z.\nHi\u00e7bir zaman gereksiz onar\u0131m veya ek \u00fccret \u00f6nerilmez.\n\nHer m\u00fc\u015fterimizle g\u00fcven temelli uzun s\u00fcreli ili\u015fki kurmak bizim i\u00e7in en b\u00fcy\u00fck kazan\u00e7t\u0131r.                        <\/div>\n                        \n                        <div class=\"single\">\n                             <h3>Garanti Politikam\u0131z<\/h3>\n                                                            <h4><\/h4>\n                                <p>T\u00fcm bak\u0131m ve onar\u0131m i\u015flemlerimiz, 12 ay i\u015f\u00e7ilik garantisi alt\u0131ndad\u0131r.\nKullan\u0131lan par\u00e7alar \u00fcretici garantisiyle desteklenir.\nBu sayede m\u00fc\u015fterilerimiz servis sonras\u0131 da g\u00fcvenle yoluna devam eder.<\/p>\n                                                            <h4>Hemen \u0130leti\u015fime Ge\u00e7<\/h4>\n                                <p>\ud83d\udcde \u0130leti\u015fim: +90 535 716 08 09\n<br>\ud83d\udccd Adres: Kavakl\u0131, Kavakl\u0131 Cd. No:10, 34520 Beylikd\u00fcz\u00fc \/ \u0130stanbul<\/p>\n                                                    <\/div>\n                        \n                        <div class=\"single\">\n                             <h3><\/h3>\n                            <p><\/p>\n                        <\/div>\n                        \n                    <\/div>\n                <\/div>\n                \n                <div class=\"col-xl-4\">\n                    <div class=\"transparency-image-box\">\n                        <img decoding=\"async\" src=\"https:\/\/aracbakimonarim.com\/wp-content\/uploads\/2025\/11\/neden-biz.png\" alt=\"Awesome Image\">\n                    <\/div>    \n                <\/div> \n                    \n            <\/div>\n            \n        <\/div>\n    <\/section>\n    <!--End Transparency Area-->\n    \n    \t\t\t\t<\/div>\n\t\t\t\t<\/div>\n\t\t\t\t\t<\/div>\n\t\t<\/div>\n\t\t\t\t\t<\/div>\n\t\t<\/section>\n\t\t\t\t<\/div>\n\t\t","protected":false},"excerpt":{"rendered":"<p>G\u00dcVEN\u0130L\u0130R H\u0130ZMET Her Zaman D\u00fcr\u00fcst, \u015eeffaf ve Garanti Alt\u0131nda Nerex Kavakl\u0131 Oto Servis olarak en b\u00fcy\u00fck \u00f6nceli\u011fimiz d\u00fcr\u00fcstl\u00fck ve \u015feffafl\u0131kt\u0131r. Hizmet \u00fccretlerimiz, kullan\u0131lan par\u00e7alar ve yap\u0131lan i\u015flemler a\u00e7\u0131k\u00e7a belirtilir. Her m\u00fc\u015fterimize adil fiyat, kaliteli i\u015f\u00e7ilik ve g\u00fcvenilir servis deneyimi sunmay\u0131 taahh\u00fct ediyoruz. Teknisyenlerimiz yap\u0131lan t\u00fcm i\u015flemleri detayl\u0131 \u015fekilde raporlar; gizli \u00fccret, s\u00fcrpriz masraf veya gereksiz [&hellip;]<\/p>\n","protected":false},"author":1,"featured_media":0,"parent":0,"menu_order":0,"comment_status":"closed","ping_status":"closed","template":"tpl-default-elementor.php","meta":{"footnotes":""},"class_list":["post-2428","page","type-page","status-publish","hentry"],"_links":{"self":[{"href":"https:\/\/aracbakimonarim.com\/index.php\/wp-json\/wp\/v2\/pages\/2428","targetHints":{"allow":["GET"]}}],"collection":[{"href":"https:\/\/aracbakimonarim.com\/index.php\/wp-json\/wp\/v2\/pages"}],"about":[{"href":"https:\/\/aracbakimonarim.com\/index.php\/wp-json\/wp\/v2\/types\/page"}],"author":[{"embeddable":true,"href":"https:\/\/aracbakimonarim.com\/index.php\/wp-json\/wp\/v2\/users\/1"}],"replies":[{"embeddable":true,"href":"https:\/\/aracbakimonarim.com\/index.php\/wp-json\/wp\/v2\/comments?post=2428"}],"version-history":[{"count":5,"href":"https:\/\/aracbakimonarim.com\/index.php\/wp-json\/wp\/v2\/pages\/2428\/revisions"}],"predecessor-version":[{"id":3880,"href":"https:\/\/aracbakimonarim.com\/index.php\/wp-json\/wp\/v2\/pages\/2428\/revisions\/3880"}],"wp:attachment":[{"href":"https:\/\/aracbakimonarim.com\/index.php\/wp-json\/wp\/v2\/media?parent=2428"}],"curies":[{"name":"wp","href":"https:\/\/api.w.org\/{rel}","templated":true}]}}