{"id":218,"date":"2021-08-11T09:41:18","date_gmt":"2021-08-11T09:41:18","guid":{"rendered":"http:\/\/fastwpdemo.com\/newwp\/homlane\/?page_id=218"},"modified":"2025-11-04T01:43:52","modified_gmt":"2025-11-04T01:43:52","slug":"hakkimizda","status":"publish","type":"page","link":"https:\/\/aracbakimonarim.com\/index.php\/hakkimizda\/","title":{"rendered":"Hakk\u0131m\u0131zda"},"content":{"rendered":"\t\t<div data-elementor-type=\"wp-page\" data-elementor-id=\"218\" class=\"elementor elementor-218\">\n\t\t\t\t\t\t<section class=\"elementor-section elementor-top-section elementor-element elementor-element-2af93fe elementor-section-full_width elementor-section-height-default elementor-section-height-default\" data-id=\"2af93fe\" data-element_type=\"section\">\n\t\t\t\t\t\t<div class=\"elementor-container elementor-column-gap-default\">\n\t\t\t\t\t<div class=\"elementor-column elementor-col-100 elementor-top-column elementor-element elementor-element-7437e93\" data-id=\"7437e93\" data-element_type=\"column\">\n\t\t\t<div class=\"elementor-widget-wrap elementor-element-populated\">\n\t\t\t\t\t\t<div class=\"elementor-element elementor-element-3691946 elementor-widget elementor-widget-homlane_about_us\" data-id=\"3691946\" data-element_type=\"widget\" data-widget_type=\"homlane_about_us.default\">\n\t\t\t\t<div class=\"elementor-widget-container\">\n\t\t\t\t\t        \n        <!--Start Plumbing Service Area-->\n\t\t<section class=\"plumbing-service-area\">\n\t\t\t<div class=\"container\">\n\t\t\t\t<div class=\"row\">\n\t\t\t\t\t<div class=\"col-xl-5 col-lg-6\">\n\t\t\t\t\t\t<div class=\"plumbing-service-image-box\">\n\t\t\t\t\t\t\t<div class=\"image-box1\">\n\t\t\t\t\t\t\t\t<img decoding=\"async\" src=\"https:\/\/aracbakimonarim.com\/wp-content\/uploads\/2025\/11\/hakkimizda-1.png\" alt=\"Awesome Image\">\n\t\t\t\t\t\t\t<\/div>\n\t\t\t\t\t\t\t<div class=\"image-box2\">\n\t\t\t\t\t\t\t\t<img decoding=\"async\" src=\"https:\/\/aracbakimonarim.com\/wp-content\/uploads\/2025\/11\/hakkimizda-2.png\" alt=\"Awesome Image\">    \n\t\t\t\t\t\t\t<\/div>\n\t\t\t\t\t\t<\/div>    \n\t\t\t\t\t<\/div>\n\n\t\t\t\t\t<div class=\"col-xl-7 col-lg-6\">\n\t\t\t\t\t\t<div class=\"plumbing-service-text-box\">\n\t\t\t\t\t\t\t<div class=\"sec-title-two\">\n\t\t\t\t\t\t\t\t<span class=\"sub-title\">NEREX KAVAKLI OTO SERV\u0130S<\/span>\n\t\t\t\t\t\t\t\t<h2>G\u00fcvenilir Ara\u00e7 Bak\u0131m ve <br>Onar\u0131m Hizmeti<\/h2>\n\t\t\t\t\t\t\t<\/div>\n\t\t\t\t\t\t\t<div class=\"inner-content\">\n\t\t\t\t\t\t\t\t<div class=\"text\">\n\t\t\t\t\t\t\t\t\t<p>Nerex Kavakl\u0131 Oto Servis olarak, kurumsal ve bireysel t\u00fcm m\u00fc\u015fterilerimize her marka binek, ticari ve hafif ticari ara\u00e7 i\u00e7in tam donan\u0131ml\u0131 bak\u0131m ve onar\u0131m hizmetleri sunuyoruz.\nDeneyimli teknisyenlerimiz, g\u00fcncel teknik bilgiye ve en yeni test cihazlar\u0131na sahiptir. Bu sayede her i\u015flem do\u011fru te\u015fhis, kaliteli i\u015f\u00e7ilik ve zaman\u0131nda teslim prensipleriyle yap\u0131l\u0131r.<\/p>\n\t\t\t\t\t\t\t\t<\/div>\n\t\t\t\t\t\t\t\t<div class=\"bottom\">\n\t\t\t\t\t\t\t\t\t<p>Uzun y\u0131llard\u0131r sekt\u00f6rde edindi\u011fimiz tecr\u00fcbe ile 1001 Group Oto Servis g\u00fcvencesi alt\u0131nda \u00e7al\u0131\u015f\u0131yoruz.\nHer bak\u0131m ve onar\u0131m s\u00fcreci, dijital sistemlerle kay\u0131t alt\u0131na al\u0131n\u0131r ve \u015feffaf bi\u00e7imde m\u00fc\u015fterilerimizle payla\u015f\u0131l\u0131r.\nAmac\u0131m\u0131z, arac\u0131n\u0131z\u0131 her zaman en y\u00fcksek performansta ve g\u00fcvenli \u015fekilde yola \u00e7\u0131kmaya haz\u0131r tutmakt\u0131r.<\/p>\n\t\t\t\t\t\t\t\t<\/div>\n\t\t\t\t\t\t\t<\/div>\n\t\t\t\t\t\t<\/div>    \n\t\t\t\t\t<\/div>\n\t\t\t\t<\/div>\n\t\t\t<\/div>    \n\t\t<\/section>\n\t\t<!--End Plumbing Service Area-->\n\n        \t\t\t\t<\/div>\n\t\t\t\t<\/div>\n\t\t\t\t\t<\/div>\n\t\t<\/div>\n\t\t\t\t\t<\/div>\n\t\t<\/section>\n\t\t\t\t<section class=\"elementor-section elementor-top-section elementor-element elementor-element-7b4fc35 elementor-section-full_width elementor-section-height-default elementor-section-height-default\" data-id=\"7b4fc35\" data-element_type=\"section\">\n\t\t\t\t\t\t<div class=\"elementor-container elementor-column-gap-default\">\n\t\t\t\t\t<div class=\"elementor-column elementor-col-100 elementor-top-column elementor-element elementor-element-d58dad7\" data-id=\"d58dad7\" data-element_type=\"column\">\n\t\t\t<div class=\"elementor-widget-wrap elementor-element-populated\">\n\t\t\t\t\t\t<div class=\"elementor-element elementor-element-0b02648 elementor-widget elementor-widget-homlane_our_features_v2\" data-id=\"0b02648\" data-element_type=\"widget\" data-widget_type=\"homlane_our_features_v2.default\">\n\t\t\t\t<div class=\"elementor-widget-container\">\n\t\t\t\t\t            \n        <!--Start Why Choose Style2 Area-->\n\t\t<section class=\"why-choose-style2-area\">\n\t\t\t<div class=\"why-choose-style2-bg\" style=\"background-image: url(https:\/\/aracbakimonarim.com\/wp-content\/uploads\/2021\/08\/why-choose-style2-bg.jpg)\"><\/div>\n\t\t\t<div class=\"container\">\n\t\t\t\t<div class=\"row\">\n\t\t\t\t\t<div class=\"col-xl-12\">\n\t\t\t\t\t\t<div class=\"choose-style2-content\">\n\t\t\t\t\t\t\t<h2>Neden Nerex Kavakl\u0131 Fark Yarat\u0131yor?<\/h2>\n\t\t\t\t\t\t\t<p>Her marka ara\u00e7 i\u00e7in sundu\u011fumuz bak\u0131m ve onar\u0131m hizmetlerinde; kalite, \u015feffafl\u0131k ve m\u00fc\u015fteri memnuniyetini en \u00f6n planda tutuyoruz.\nNerex Kavakl\u0131 Oto Servis olarak, hem bireysel hem de kurumsal m\u00fc\u015fterilerimize uzman kadro, modern ekipman ve garantili i\u015f\u00e7ilik ile hizmet sunmaktan gurur duyuyoruz.<\/p>\n\t\t\t\t\t\t\t\n\t\t\t\t\t\t\t\t\t\t\t\t\t\t<ul>\n\t\t\t\t\t\t\t\t\t\t\t\t\t\t\t\t<li>Her i\u015flemde en kaliteli malzeme ve orijinal yedek par\u00e7a kullan\u0131m\u0131<\/li>\n\t\t\t\t\t\t\t\t\t\t\t\t\t\t\t\t<li>D\u00fcr\u00fcst fiyatland\u0131rma ve tam \u015feffaf servis s\u00fcreci<\/li>\n\t\t\t\t\t\t\t\t\t\t\t\t\t\t\t\t<li>E\u011fitimli teknisyenler ve son teknoloji test cihazlar\u0131<\/li>\n\t\t\t\t\t\t\t\t\t\t\t\t\t\t\t\t<li>Garantili i\u015f\u00e7ilik ve kay\u0131t alt\u0131na al\u0131nan t\u00fcm servis i\u015flemleri<\/li>\n\t\t\t\t\t\t\t\t\t\t\t\t\t\t\t\t<li>H\u0131zl\u0131 teslimat \u2013 ayn\u0131 g\u00fcn servis ve bak\u0131m se\u00e7enekleri<\/li>\n\t\t\t\t\t\t\t\t\t\t\t\t\t\t\t\t<li>Her m\u00fc\u015fteriye \u00f6zel ilgi ve uzun vadeli g\u00fcven ili\u015fkisi<\/li>\n\t\t\t\t\t\t\t\t\t\t\t\t\t\t\t<\/ul>\n\t\t\t\t\t\t\t\t\t\t\t\t\t<\/div>\n\t\t\t\t\t<\/div>\n\t\t\t\t<\/div>\n\t\t\t<\/div>\n\t\t<\/section>\n\t\t<!--End Why Choose Style2 Area-->\n\n        \t\t\t\t<\/div>\n\t\t\t\t<\/div>\n\t\t\t\t\t<\/div>\n\t\t<\/div>\n\t\t\t\t\t<\/div>\n\t\t<\/section>\n\t\t\t\t<\/div>\n\t\t","protected":false},"excerpt":{"rendered":"<p>NEREX KAVAKLI OTO SERV\u0130S G\u00fcvenilir Ara\u00e7 Bak\u0131m ve Onar\u0131m Hizmeti Nerex Kavakl\u0131 Oto Servis olarak, kurumsal ve bireysel t\u00fcm m\u00fc\u015fterilerimize her marka binek, ticari ve hafif ticari ara\u00e7 i\u00e7in tam donan\u0131ml\u0131 bak\u0131m ve onar\u0131m hizmetleri sunuyoruz. Deneyimli teknisyenlerimiz, g\u00fcncel teknik bilgiye ve en yeni test cihazlar\u0131na sahiptir. Bu sayede her i\u015flem do\u011fru te\u015fhis, kaliteli i\u015f\u00e7ilik [&hellip;]<\/p>\n","protected":false},"author":1,"featured_media":0,"parent":0,"menu_order":0,"comment_status":"closed","ping_status":"closed","template":"tpl-default-elementor.php","meta":{"footnotes":""},"class_list":["post-218","page","type-page","status-publish","hentry"],"_links":{"self":[{"href":"https:\/\/aracbakimonarim.com\/index.php\/wp-json\/wp\/v2\/pages\/218","targetHints":{"allow":["GET"]}}],"collection":[{"href":"https:\/\/aracbakimonarim.com\/index.php\/wp-json\/wp\/v2\/pages"}],"about":[{"href":"https:\/\/aracbakimonarim.com\/index.php\/wp-json\/wp\/v2\/types\/page"}],"author":[{"embeddable":true,"href":"https:\/\/aracbakimonarim.com\/index.php\/wp-json\/wp\/v2\/users\/1"}],"replies":[{"embeddable":true,"href":"https:\/\/aracbakimonarim.com\/index.php\/wp-json\/wp\/v2\/comments?post=218"}],"version-history":[{"count":5,"href":"https:\/\/aracbakimonarim.com\/index.php\/wp-json\/wp\/v2\/pages\/218\/revisions"}],"predecessor-version":[{"id":3855,"href":"https:\/\/aracbakimonarim.com\/index.php\/wp-json\/wp\/v2\/pages\/218\/revisions\/3855"}],"wp:attachment":[{"href":"https:\/\/aracbakimonarim.com\/index.php\/wp-json\/wp\/v2\/media?parent=218"}],"curies":[{"name":"wp","href":"https:\/\/api.w.org\/{rel}","templated":true}]}}